12 - 7) - (0 + 4)?
10
Evaluate (13 + -11 - 21) + 10.
-9
-6 + (4 + -13 - (11 + 0))
-26
10 + (-11 - -3) + 13 + -6
9
95 - (111 + -34) - (-8 + 1)
25
What is the value of -19 + 11 + 26 - 6?
12
What is the value of -13 - ((-2 - (-5 + 0)) + (76 - 76))?
-16
-38 + -10 + 8 + 18 - 0
-22
What is 18 - (13 + 1) - (0 + -2)?
6
What is the value of 1 - -1 - (1 - (3 + 0))?
4
1 - ((1 - 10) + (4 - 6))
12
What is the value of 12 + -1 + -10 + (-4 - -12) + -4?
5
Calculate (3 + -16 + 9 - 1) + 25.
20
Calculate -4 - (10 - 27) - (2 - -6).
5
What is -17 + (-6 - (-5 - -1)) + 8?
-11
Evaluate 37 - (2 - (-23 + 4)).
16
What is the value of 10 + (-21 - (-8 - -7))?
-10
(2 - -9) + (2 - (-1 + 2))
12
Calculate -10 - -12 - (11 + -10 - 16).
17
26 + -9 - (2 - (1 + -1 + 0))
15
Evaluate -3 - ((-1 - (-5 + 17 - 6)) + 28).
-24
What is the value of 17 - 33 - -10 - 0?
-6
What is the value of (2 - (6 - 23)) + -7 + (3 - 1)?
14
Calculate 13 - (23 + -16 - 10).
16
Calculate (139 - 135) + 3 + -3.
4
(3 - (3 - -4)) + (0 - (18 - 18))
-4
Evaluate -15 + 41 + -28 + 26.
24
What is -17 + (5 - -4) - 18 - -7?
-19
What is (-58 - -65) + -16 + 1 - -11 - 12?
-9
Evaluate 4 + 1 - ((-17 - 3) + (-60 - -56)).
29
-21 - (-6 + 11 - 17)
-9
What is 0 - ((5 - 7) + -5 - -6)?
1
Evaluate (-12 + 21 - (2 - -16)) + (-2 - -4).
-7
(10 - 1) + -21 + 16 + 16
20
What is the value of 27 - (-12 + 30 - -20)?
-11
(-9 - -18 - 38) + (1 - 1) - -9
-20
What is the value of -14 + 34 + -44 + 10 + -2?
-16
Calculate (3 - (-3 - -11)) + 25 + -15.
5
What is 5 - 0 - (-5 + (0 - (-3 - -4)))?
11
4 + (7 - 13 - (6 - 5))
-3
What is 27 + (1 - 25) + (1 - 7) + 2?
-1
What is the value of 0 + -18 + 12 + 3?
-3
What is the value of (10 - 17 - (22 - 10)) + 11?
-8
What is (-3 + 11 - -20) + -57 + 55?
26
(-2 - 1) + (73 - (-2 - -46))
26
What is 13 + (-17 - (10 - 14))?
0
Evaluate 12 + (-1 - (-4 + -1) - -5).
21
Calculate 5 + -1 + (6 - (-1 + 5 + -2)).
8
Evaluate 2 + 0 + 6 + (-12 - -15).
11
What is the value of 30 + -34 + (11 - (-9 - 12))?
28
29 + -1 - (-355 - -384)
-1
Calculate 18 - (-145 + 151 - (0 + -1)).
11
What is -25 - (-13 - (-17 + 16)) - -12?
-1
What is the value of (-4 - -14) + (25 - 12) + -15?
8
What is (2 - (2 + 8)) + 1 + 24 + -23?
-6
Evaluate -18 + 15 + -9 + 31.
19
Calculate 36 + -26 - 19 - 1.
-10
What is -9 - (-8 - 4) - (-6 - -2)?
7
Evaluate 5 + -12 + 17 + 5 + -5 - -2.
12
What is -21 - -19 - -31 - 13?
16
Evaluate -1 + (-16 - -6) + 9.
-2
Calculate (3 - (10 + -6)) + 15 - (3 + 1).
10
What is 6 + 2 + -5 + (-8 - (10 - 9))?
-6
What is the value of 0 - ((-81 - -86) + -9 + (3 - 5))?
6
What is 5 + 7 - 14 - -21?
19
-18 + -9 + 13 + 16
2
Evaluate -35 + 7 + (-19 + 16 - -7).
-24
28 + -7 + 5 + -14
12
What is the value of 23 + (-28 - 15) + 2?
-18
Evaluate -29 + 42 - -10 - 5.
18
Calculate (-1 - -34) + 30 + -48 - 49.
-34
Calculate -6 - (-20 - ((-3 - 3) + -2)).
6
Calculate -42 + (7 - -31 - 24).
-28
Calculate -1 - 0 - (-2 + 9 + -9 + 15).
-14
Calculate 20 + (-14 - (36 - 28)).
-2
What is the value of 3 - -1 - (-12 + 26 + 4 + -13)?
-1
What is (-15 - -27 - 0) + 4 + -5 + -47?
-36
-9 - (-23 + 6 + -1)
9
Evaluate (8 - 14) + -10 + 3.
-13
Calculate -6 + 6 + -1 + 0 + 44 + -35.
8
Evaluate 2 - 1 - (48 - 46) - 7.
-8
Evaluate 2 + 2 + -2 + (831 - 828).
5
Evaluate (-3 - (-3 + 6)) + (13 - (4 - 7)).
10
(-7 - -2) + (2 - 0) + 14 + -4
7
What is 1 + -4 + 8 - 17?
-12
-1 - -8 - (-3 + -10 + (23 - 8))
5
Evaluate 8 + (-6 + 8 - 9).
1
13 + 19 + -25 + (0 - 1)
6
What is the value of -4 - -11 - (29 - 16)?
-6
Calculate (-13 - -2 - 0) + -26 + 14 + 14.
-9
Evaluate (-4 - (3 + -8)) + -10 - -4.
-5
What is the value of -5 - -2 - (-16 + 12) - -5?
6
Calculate -18 + 20 - -11 - -4.
17
What is (8 - 6 - -1) + -9 - -6?
0
Calculate (1 + 4 - (6 - 9)) + -8 + -1.
-1
Evaluate (5 - 3 - 5) + 14.
11
What is -5 + 5 + -9 + 5 - (8 + -6)?
-6
What is 2 - (15 + -28) - 8?
7
Evaluate 0 + -5 + -3 + (-5 - -12).
-1
What is the value of (-26 - -37) + -24 - 10?
-23
3 - 15 - -30 - 7 - (-9 - 1)
21
Evaluate -304 + 303 - ((0 - -11) + -1).
-11
Calculate -12 + 29 + -58 - (-3 - -1).
-39
(-41 - (-27 + 16)) + (1 - -12)
-17
Evaluate 1 - 43 - (-192 + 167).
-17
Calculate 25 + -45 + -22 - -34.
-8
Calculate -4 + -6 + (6 + 6 - 6).
-4
Calculate (10 - 12) + 21 + -18.
1
Calculate -4 - (-1 + 3) - (-36 + 25).
5
What is 2 - (-16 + (45 - 16))?
-11
Evaluate 5 - (23 - 43) - 33.
-8
Calculate (15 - (-2 + 11)) + (1 - 7) - -5.
5
What is the value of (-2 + -1 - (-5 - -1)) + -4 - -5?
2
Evaluate (-19 - (-9 - 5)) + (12 - 4).
3
Calculate 3 + -5 - ((7 - (-26 - -4)) + -7).
-24
Evaluate -15 + (-14 - (-15 + 0)) + 30.
16
Evaluate (-12 - -14) + -18 + 35.
19
(12 - 0) + (-15 - (-50 + 31))
16
5 - 2 - (-3 - (-3 - (-7 + 13)))
-3
((-17 - 18) + 9 - (0 - 5)) + -1
-22
-24 + (3 - (-2 - 2) - (205 + -208))
-14
Calculate -2 + (16 - 0) + (-28 - -39).
25
Evaluate -25 + -4 - (4 - 7) - (35 - 44).
-17
Evaluate 11 + -15 - 9 - -2 - (0 - -2).
-13
Calculate (20 - (-10 + 12)) + (28 - 30).
16
Calculate -2 - (1 + 2 + -11 + 2 + 22).
-18
Evaluate (1 - -4) + -40 + 39 - 6 - 1.
-3
-3 + -2 + 8 - (73 + -24 - 41)
-5
Evaluate 9 + (-68 - -55) + (-1 - 13).
-18
Evaluate 13 - (11 + -11 + 15).
-2
What is -18 + -14 + 4 - -8 - 10?
-30
What is -2 + 4 + -4 + 7 + (60 - 40)?
25
Evaluate (0 - (1 + -4 - 9)) + (-8 - -7).
11
Evaluate 4 + -17 - (2 + -7) - -4.
-4
(5 + 1 - (-11 + 16)) + 8
9
What is -2 - (9 + -11) - (4 - 15)?
11
Calculate (-49 - -42) + (-6 - -4).
-9
0 + -1 + (156 - 159) - -4
0
Evaluate 0 + (-3 - (8 - (-4 + 7) - -2)).
-10
Evaluate -21 + 27 + 2 + -31.
-23
What is the value of 12 + -3 - (-76 - -73)?
12
2 - (-3 - 6) - 5 - -8
14
Calculate (12 - -7) + (8 - (12 + 10)).
5
Calculate -18 + 11 - (1 - (5 + 19)).
16
Calculate 3 + (0 - 3) + 3 - (-2 - 3).
8
14 + (-6 - (-6 + 3 - 2)) + -4
9
-7 + -4 + (14 - 4)
-1
Calculate 12 - (18 - 3) - 12 - -11.
-4
What is the value of -1 + (13 - (6 + 3)) + (0 - 0)?
3
-5 - (10 + -54 + 21)
18
What is the value of -19 - (-43 + 23) - (-22 - 0)?
23
Evaluate 3 - (-8 + (17 + -10 - (13 - 1))).
16
Evaluate 14 - (42 - 12) - -3.
-13
What is the value of 56 + -63 + (-1 - 2) + -4?
-14
What is (29 - 9) + 4 + -9?
15
6 - 1 - ((-10 - -11) + (-1 - 2))
7
Calculate (13 - -15) + -24 + (1 - -9).
14
What is (13 - 8) + -6 - (-3 - -1 - -12)?
-11
What is -9 + (6 - -10) + -10 + -9?
-12
Evaluate 3 + (9 - 15 - -3) + 10.
10
What is the value of -6 + 12 + -3 - 3?
0
What is -13 - (-7 + 1 + 4)?
-11
What is 15 + 20 + -43 + (-1 - -23)?
14
Calculate -6 + 22 + -56 - -7.
-33
1 + 13 - (11 + -2 + -7)
12
Calculate -13 - (33 - 23 - 39).
16
What is 19 + (69 - 69) + (2 - 5)?
16
Evaluate 6 + 2 - ((0 - -24) + (-393 - -383)).
-6
Evaluate -6 - (1 + -13 - (-169 - -169)).
6
-3 - (-12 - ((-5 - -10) + -3))
11
What is the value of 5 + 12 + (11 - 33) + 0 + 12?
7
(1 + -2 - 4) + -10
-15
Calculate -18 + 29 + -40 - (3 + -7 - 5).
-20
What is 7 + -9 + 8 + -15 - 0?
-9
4 + (5 - (3 + -10 - -24))
-8
What is the value of (-12 - (30 - 17 - -20)) + 15?
-30
What is the value of (-2 - 0) + (-14 - (2 + -24))?
6
What is 11 - (20 - (-10 - -19)) - (0 + 4)?
-4
Evaluate -15 + 5 - (3 - 26).
13
Calculate -11 + -10 + (10 - -3).
-8
What is 28 + -57 + 54 + 5?
30
What is (-13 - -58 - 46) + -34?
-35
What is (-5 - (-3 + 43 + -10 - -10)) + 7?
-38
Calculate 32 + (-49 - -34) + -9.
8
What is (3 - ((3 - 6) + -4)) + -9 + 8?
9
Evaluate 0 - 10 - (38 + -54).
6
(-8 - -5 - (3 - -15)) + -4 + -1
-26
Evaluate (-7 - (-5 + 23 + -6)) + 3.
-16
-1 - -4 - (23 - 19 - -4)
-5
-6 + (-18 - (-11 - (-12 + 2 - 1)))
-24
-2 - (9 - ((-6 - -14) + 4))
1
What is the value of -12 + 50 + -3 + (1 - 12) - 4?
20
What is -9 + 1 + (-613 - -633)?
12
Evaluate 1 + 0 + -12 + 16 + -14.
-9
What is 1 + -8 + -6 + 1 + (-36 - -32)?
-16
Calculate -13 + 32 + -28 + 13.
4
Calculate 2 - (-2 + 1) - (50 - 50).
3
Evaluate 3 + (5 + 6 + -7 - -3).
10
Calculate 1 + 3 - (-9 + (-13 - -4 - -16)).
6
5 - (6 + 7) - (-15 - -1)
6
-968 + 960 + (2 - 0 - 21)
-27
5 - -1 - (193 + -194) - 6
1
What is the value of 23 - (24 + -9 + -14)?
22
Calculate -16 - -11 - (-1 + -29) - (0 + -9).
34
What is the value of -12 + 0 + (-1 + 12 - (-33 - -55))?
-23
-19 - -2 - (-7 + 1)
-11
What is the value of -24 - (-27 - (-5 - 22))?
-24
13 + 4 - (13 - -1)
3
4 + 3 + (-9 - 9) + 9 - -10
8
What is the value of (2 - (-17 - -6)) + (38 - 38)?
13
What is -7 + 0 - ((9 - (19 + -4)) + 4)?
-5
-7 - (-11 + 3 - 20)
21
Evaluate 4 + (-12 + 9 - -20) + -5.
16
What is the value of -8 - (53 